{"id":418,"date":"2020-05-18T09:49:53","date_gmt":"2020-05-18T07:49:53","guid":{"rendered":"https:\/\/showcase2.sites.better-hotel.com\/?post_type=pokoje&#038;p=418"},"modified":"2023-08-27T19:40:07","modified_gmt":"2023-08-27T17:40:07","slug":"apartman-4","status":"publish","type":"pokoje","link":"https:\/\/apartmanyvlcice.cz\/en\/pokoje\/apartman-4\/","title":{"rendered":"Apartm\u00e1n 4"},"content":{"rendered":"<div data-elementor-type=\"wp-post\" data-elementor-id=\"418\" class=\"elementor elementor-418\" data-elementor-settings=\"[]\">\n\t\t\t\t\t\t<div class=\"elementor-inner\">\n\t\t\t\t\t\t\t<div class=\"elementor-section-wrap\">\n\t\t\t\t\t\t\t<section class=\"elementor-section elementor-top-section elementor-element elementor-element-7c09bd67 elementor-section-boxed elementor-section-height-default elementor-section-height-default\" data-id=\"7c09bd67\" data-element_type=\"section\">\n\t\t\t\t\t\t<div class=\"elementor-container elementor-column-gap-default\">\n\t\t\t\t\t\t\t<div class=\"elementor-row\">\n\t\t\t\t\t<div class=\"elementor-column elementor-col-100 elementor-top-column elementor-element elementor-element-6c7879f5\" data-id=\"6c7879f5\" data-element_type=\"column\">\n\t\t\t<div class=\"elementor-column-wrap elementor-element-populated\">\n\t\t\t\t\t\t\t<div class=\"elementor-widget-wrap\">\n\t\t\t\t\t\t<div class=\"elementor-element elementor-element-22c8b1a9 elementor-widget elementor-widget-text-editor\" data-id=\"22c8b1a9\" data-element_type=\"widget\" data-widget_type=\"text-editor.default\">\n\t\t\t\t<div class=\"elementor-widget-container\">\n\t\t\t\t\t<div class=\"elementor-text-editor elementor-clearfix\"><p><strong>Apartm\u00e1n&nbsp; ( 80 m2 ) <\/strong>nab\u00edz\u00ed&nbsp;velkou obytnou kuchy\u0148 s j\u00eddelnou a rozkl\u00e1dac\u00ed pohovkou, &nbsp;2l\u016f\u017ekovou a 5l\u016f\u017ekovou lo\u017enici, koupelnu a p\u0159eds\u00ed\u0148.<strong> V apartm\u00e1n se ubytuje pohodln\u011b 4 &#8211; 9 osob.<\/strong><\/p><\/div>\n\t\t\t\t<\/div>\n\t\t\t\t<\/div>\n\t\t\t\t\t\t<\/div>\n\t\t\t\t\t<\/div>\n\t\t<\/div>\n\t\t\t\t\t\t\t\t<\/div>\n\t\t\t\t\t<\/div>\n\t\t<\/section>\n\t\t\t\t\t\t<\/div>\n\t\t\t\t\t\t<\/div>\n\t\t\t\t\t<\/div>","protected":false},"excerpt":{"rendered":"<p>Apartm\u00e1n&nbsp; ( 80 m2 ) nab\u00edz\u00ed&nbsp;velkou obytnou kuchy\u0148 s j\u00eddelnou a rozkl\u00e1dac\u00ed pohovkou, &nbsp;2l\u016f\u017ekovou a 5l\u016f\u017ekovou lo\u017enici, koupelnu a p\u0159eds\u00ed\u0148. V apartm\u00e1n se ubytuje pohodln\u011b 4 &#8211; 9 osob.<\/p>","protected":false},"author":1,"featured_media":527,"menu_order":0,"comment_status":"open","ping_status":"open","template":"","format":"standard","meta":[],"aioseo_notices":[],"_links":{"self":[{"href":"https:\/\/apartmanyvlcice.cz\/en\/wp-json\/wp\/v2\/pokoje\/418"}],"collection":[{"href":"https:\/\/apartmanyvlcice.cz\/en\/wp-json\/wp\/v2\/pokoje"}],"about":[{"href":"https:\/\/apartmanyvlcice.cz\/en\/wp-json\/wp\/v2\/types\/pokoje"}],"author":[{"embeddable":true,"href":"https:\/\/apartmanyvlcice.cz\/en\/wp-json\/wp\/v2\/users\/1"}],"replies":[{"embeddable":true,"href":"https:\/\/apartmanyvlcice.cz\/en\/wp-json\/wp\/v2\/comments?post=418"}],"version-history":[{"count":11,"href":"https:\/\/apartmanyvlcice.cz\/en\/wp-json\/wp\/v2\/pokoje\/418\/revisions"}],"predecessor-version":[{"id":721,"href":"https:\/\/apartmanyvlcice.cz\/en\/wp-json\/wp\/v2\/pokoje\/418\/revisions\/721"}],"wp:featuredmedia":[{"embeddable":true,"href":"https:\/\/apartmanyvlcice.cz\/en\/wp-json\/wp\/v2\/media\/527"}],"wp:attachment":[{"href":"https:\/\/apartmanyvlcice.cz\/en\/wp-json\/wp\/v2\/media?parent=418"}],"curies":[{"name":"wp","href":"https:\/\/api.w.org\/{rel}","templated":true}]}}

Apartmán 4

<div data-elementor-type="wp-post" data-elementor-id="418" class="elementor elementor-418" data-elementor-settings="[]">
						<div class="elementor-inner">
							<div class="elementor-section-wrap">
							<section class="elementor-section elementor-top-section elementor-element elementor-element-7c09bd67 elementor-section-boxed elementor-section-height-default elementor-section-height-default" data-id="7c09bd67" data-element_type="section">
						<div class="elementor-container elementor-column-gap-default">
							<div class="elementor-row">
					<div class="elementor-column elementor-col-100 elementor-top-column elementor-element elementor-element-6c7879f5" data-id="6c7879f5" data-element_type="column">
			<div class="elementor-column-wrap elementor-element-populated">
							<div class="elementor-widget-wrap">
						<div class="elementor-element elementor-element-22c8b1a9 elementor-widget elementor-widget-text-editor" data-id="22c8b1a9" data-element_type="widget" data-widget_type="text-editor.default">
				<div class="elementor-widget-container">
					<div class="elementor-text-editor elementor-clearfix"><p><strong>Apartmán&nbsp; ( 80 m2 ) </strong>nabízí&nbsp;velkou obytnou kuchyň s jídelnou a rozkládací pohovkou, &nbsp;2lůžkovou a 5lůžkovou ložnici, koupelnu a předsíň.<strong> V apartmán se ubytuje pohodlně 4 &#8211; 9 osob.</strong></p></div>
				</div>
				</div>
						</div>
					</div>
		</div>
								</div>
					</div>
		</section>
						</div>
						</div>
					</div>

<p>Apartmán&nbsp; ( 80 m2 ) nabízí&nbsp;velkou obytnou kuchyň s jídelnou a rozkládací pohovkou, &nbsp;2lůžkovou a 5lůžkovou ložnici, koupelnu a předsíň. V apartmán se ubytuje pohodlně 4 &#8211; 9 osob.</p>
